. Let o = 4 + 12. What is the greatest common divisor of o and s?
4
Let x be (13 - (-4 - -6))*3. Let l = -34 + 19. Let o = x - l. What is the highest common divisor of 32 and o?
16
Let y = -773 - -840. Calculate the highest common divisor of y and 67.
67
Let h = 250 - 190. Let j(r) = r**2 + 3*r - 18. Let n be j(-9). What is the greatest common factor of n and h?
12
Let j be 26 + (28/(-7) + 4 - -1). Let d be 593/2 + (-1)/(-2). What is the highest common divisor of j and d?
27
Let o = 418 + -308. Calculate the highest common divisor of o and 60.
10
Suppose -21*q = 20*q - 25092. What is the greatest common divisor of 36 and q?
36
Let m = 167 + -112. Calculate the greatest common divisor of m and 11.
11
Let b(s) = s - 5. Let g be (-8)/10*30/(-3). Let d be b(g). Suppose d*f = 1 + 2. Calculate the highest common factor of f and 1.
1
Let o(z) = -5*z - 39. Let q(g) = -5*g - 40. Let t(c) = 4*o(c) - 3*q(c). Let l be t(-9). What is the greatest common divisor of 45 and l?
9
Let g(d) = -d**3 + 14*d**2 - 1. Let v be g(13). What is the greatest common divisor of v and 42?
42
Let z = -1178 + 1886. Calculate the greatest common factor of 12 and z.
12
Let t be ((-5)/10*-34)/(3 + -2). Let g(h) = 4*h - 67. Let l be g(t). What is the highest common factor of l and 1?
1
Let s = 130 - -24. What is the highest common divisor of 132 and s?
22
Suppose -2*p + 5 = -11. Suppose 0 = c - 12 - p. Suppose 4*o - 21 = -5*a, 2*a - 13 = 3*o - 0. What is the highest common factor of a and c?
5
Let i be (8/64)/(10/400). What is the greatest common divisor of 31 and i?
1
Let a(r) = r**2 + 2*r - 5. Let h be a(-7). Let t = -126 - -51. Let c be (-14)/(-7)*t/(-2). Calculate the greatest common factor of c and h.
15
Suppose -305 - 79 = -6*d. What is the highest common divisor of 24 and d?
8
Let t(s) = 3*s**2 - 20*s - 15. Let m(j) = 3*j**2 - 3. Let r be m(-2). Let i be t(r). Calculate the highest common divisor of 24 and i.
24
Let o be (-732)/(-60) + 4/(-20). Calculate the greatest common factor of o and 9.
3
Let j(t) = 36*t - 11. Let d be j(5). What is the highest common factor of d and 13?
13
Let h = 131 - 146. Let o be (-6)/h - 176/(-10). Calculate the highest common factor of o and 234.
18
Suppose 5*w - 7*z + 3*z = 380, -4*w = 5*z - 304. Let v = w + -74. What is the highest common divisor of v and 22?
2
Suppose 549 = -z + t, 3*t + t = 5*z + 2742. Let o = -338 - z. What is the greatest common factor of o and 16?
16
Let v(i) = i**2 + 2*i - 19. Let d be v(-9). Let k be -22*((2 - 4) + 1). Calculate the highest common factor of k and d.
22
Suppose 2*m - 5*i = 470, 3*i - 4*i + 705 = 3*m. Calculate the greatest common divisor of m and 376.
47
Let i = 14 + -6. Let z be (1 + -1)/(i/(-8)). Suppose z = -4*d + 18 + 34. What is the greatest common factor of 65 and d?
13
Let u be (-4)/(-22) - 20/(-11). Suppose -u*v = -4*v + 14. Calculate the highest common divisor of v and 35.
7
Let i = 61 - 86. Let m = -37 - -65. Let h = i + m. Calculate the greatest common divisor of h and 24.
3
Let q = 37 - -56. Calculate the highest common divisor of q and 3.
3
Suppose -3*s = 3*j - 318, 0 = -s + 5*j + 76 + 6. Let r = 150 - s. Let l(y) = 11*y**2 + y. Let q be l(1). Calculate the greatest common factor of q and r.
12
Suppose 39*k = 17*k + 990. Calculate the greatest common factor of k and 165.
15
Let i be ((-5)/(-3) + -1)*12. Let j = 10 + i. Let m = 467 - 323. What is the highest common divisor of m and j?
18
Let y = 6 + 32. Suppose -15 = 5*f - 155. Let m be (-21)/f - 155/(-4). Calculate the highest common divisor of y and m.
38
Suppose 339 = 4*u - 3*o - 307, 0 = -3*u - 5*o + 470. What is the highest common divisor of 24 and u?
8
Suppose 6 = 4*j + s - 4, 4 = 2*s. Let m be (j - (1 - -1))/2. Suppose m = 5*n - 99 - 46. What is the highest common factor of n and 58?
29
Let z be 1052/22 + (6/(-11))/(-3). Calculate the highest common factor of 64 and z.
16
Let r be -3*40/(-6) - -2. Suppose -4*o = -r - 22. Let i = 308 + -209. What is the highest common divisor of i and o?
11
Suppose 21923 = 97*d + 3978. Calculate the highest common divisor of 40 and d.
5
Suppose 763*a = 765*a - 102. Calculate the highest common divisor of a and 816.
51
Let f = -50 - -148. Let w(d) = d + 7. Let z be w(12). Suppose -5*q + q - 4*i + 68 = 0, 2*q - 3*i = z. What is the greatest common factor of q and f?
14
Let o be 41*(3 - 2)*1. Suppose -k - 5*y + 1153 = 3*k, -575 = -2*k - y. What is the greatest common divisor of k and o?
41
Suppose 0 = 2*y - 8, -3*y + 10 = -l + 1. What is the greatest common divisor of 105 and l?
3
Let o be (49/(-28) - -2)*44. Let p be 1/4 - (-30)/8. Suppose -2*q + 74 = -p*y, y = -3*q + 6*y + 109. Calculate the highest common factor of q and o.
11
Let y = 84 - 24. Let u be (3 + -2)/(((-10)/8)/(-5)). Suppose 0*o = -u*o + 12, o + 93 = 4*v. Calculate the highest common factor of y and v.
12
Let d(h) = h**3 + 3*h**2 - 3*h + 5. Let a = 53 + -57. Let u be d(a). What is the highest common divisor of 11 and u?
1
Suppose 0 = -4*o - o + 3*f + 1203, -5*f = -o + 245. Suppose -9*y = -19*y + 300. Calculate the highest common divisor of o and y.
30
Let k(d) = 7*d**2 + 1. Let j be k(1). Let u = 256 + -232. What is the highest common divisor of j and u?
8
Suppose -10*k = 26*k - 7740. Calculate the highest common divisor of k and 129.
43
Let j(l) = 2*l**3 + 26*l**2 + 19*l - 55. Let p be j(-12). Calculate the highest common divisor of p and 19.
1
Suppose -2*o + 163 = 3*p - 8*p, 3*o + 2*p - 254 = 0. Let c = o + -4. Calculate the greatest common divisor of 10 and c.
10
Let z = -108 + 192. Let h = 54 + -42. Suppose 10*v = h*v - 56. What is the greatest common factor of z and v?
28
Let s = 32 + -43. Let v = s + 20. What is the highest common factor of v and 1?
1
Let k be (-30)/10 - (-8 + 0). Suppose 0 = k*u - u - 3*w - 35, u = 2*w + 15. Suppose 8 = x - 3*x, -u*x = n - 6. What is the greatest common factor of n and 13?
13
Let t be 4*506*(-6)/(-24)*2. Calculate the greatest common divisor of 44 and t.
44
Let m(u) = 10*u**2 - 4*u + 2. Let j be m(2). Let t = -3992 - -4060. What is the greatest common divisor of j and t?
34
Suppose u = -4, -3*u = -4*b - 4*u + 892. Let z = -108 + b. Calculate the greatest common factor of z and 29.
29
Suppose -4*k + 3 = -3*f, -3*k - f = 2*k + 20. Let m be 17*(k + 0 - -4). Calculate the greatest common divisor of m and 17.
17
Let l be ((-44)/(-3))/(6/9). Calculate the greatest common divisor of l and 594.
22
Let q(x) = -3*x + 3*x**2 + x - 11*x**2 + x**3 + 6 + x. Let i be q(8). Let k be i - ((-9)/3 + -17). What is the greatest common divisor of 27 and k?
9
Suppose -3*f = -0*t + t - 59, 2*f = -t + 39. Calculate the greatest common divisor of 5 and f.
5
Suppose -6*o - 1293 = -3*t - 3*o, t - 421 = -4*o. What is the highest common factor of 39 and t?
39
Let d(x) = -x**3 + x**2 - 2. Let c be d(0). Let q be 2 + c + 7 + -2. Let u = 10 - q. Calculate the greatest common factor of 45 and u.
5
Suppose -18 = -b + 19. Suppose 6*a + b = 121. What is the greatest common factor of 126 and a?
14
Let m(z) be the second derivative of -23*z**3/3 - 13*z**2/2 + 5*z. Let t be m(-4). Suppose -5*v = -t - 4. Calculate the greatest common factor of 5 and v.
5
Let i(t) = 32*t - 211. Let b be i(8). What is the greatest common divisor of 255 and b?
15
Let n(l) = l**3 + l**2 - l + 1. Let w be n(-1). What is the greatest common divisor of w and 106?
2
Suppose 3*p = -2*t + 3*t + 624, -3*t = 2*p - 405. Let y = -919 - -942. Calculate the greatest common divisor of p and y.
23
Suppose 0*r = -2*r. Suppose g - 18 + 2 = r. Suppose 2*t + 3*j - 288 = 0, -5*t + 2*j = -4*t - 144. What is the highest common factor of g and t?
16
Let d(p) = p**3 - 10 - p**2 + 58*p - 60*p + 12. Suppose -4*l + 8 = 4*w, 0*w - l - 10 = -5*w. Let k be d(w). Calculate the greatest common divisor of k and 16.
2
Suppose 5*x - 2*l - 96 = 2*x, 0 = -4*l. Calculate the greatest common divisor of x and 20.
4
Let x be -147*3*42/(-63). Calculate the greatest common divisor of 24 and x.
6
Let b be 980/8 - 0 - 3/2. What is the highest common divisor of b and 22?
11
Let a = -3 - 2. Let b be (3/a)/(378/385 - 1). Calculate the greatest common divisor of 11 and b.
11
Let a(k) = 4*k**2 + 26*k - 118. Let y be a(4). Calculate the highest common divisor of 850 and y.
50
Let q(o) = 7*o - 4. Let t be